 highest common divisor of 11457 and 57?
57
Calculate the greatest common factor of 916 and 1603.
229
Calculate the highest common factor of 430 and 516.
86
What is the highest common divisor of 451 and 123?
41
Calculate the greatest common divisor of 525 and 200.
25
What is the greatest common factor of 1334 and 920?
46
What is the greatest common factor of 54 and 216?
54
Calculate the highest common factor of 1245 and 60.
15
Calculate the highest common factor of 10956 and 12.
12
What is the greatest common divisor of 27 and 15?
3
What is the highest common divisor of 377 and 29?
29
Calculate the highest common factor of 144 and 18.
18
Calculate the greatest common factor of 366 and 6.
6
Calculate the greatest common factor of 990 and 880.
110
Calculate the highest common divisor of 56 and 7322.
14
Calculate the greatest common divisor of 10556 and 609.
203
Calculate the highest common divisor of 12 and 8850.
6
What is the greatest common factor of 1617 and 66?
33
What is the greatest common divisor of 36 and 4554?
18
What is the greatest common factor of 580 and 377?
29
Calculate the highest common factor of 529 and 69.
23
Calculate the highest common factor of 14880 and 16.
16
What is the highest common factor of 25 and 400?
25
What is the highest common divisor of 644 and 1104?
92
What is the greatest common divisor of 5217 and 141?
141
What is the highest common factor of 247 and 19?
19
Calculate the greatest common divisor of 8076 and 60.
12
What is the greatest common factor of 18 and 684?
18
What is the highest common divisor of 5500 and 44?
44
Calculate the highest common divisor of 726 and 264.
66
Calculate the highest common divisor of 14 and 10976.
14
Calculate the highest common factor of 408 and 48.
24
What is the greatest common divisor of 12 and 256?
4
What is the highest common divisor of 385 and 44?
11
What is the greatest common divisor of 16 and 232?
8
What is the highest common factor of 812 and 14?
14
What is the highest common factor of 3653 and 7025?
281
Calculate the greatest common factor of 31 and 279.
31
Calculate the greatest common divisor of 45 and 75.
15
Calculate the highest common divisor of 22 and 517.
11
Calculate the greatest common factor of 80 and 32.
16
What is the greatest common divisor of 625 and 175?
25
Calculate the highest common factor of 915 and 30.
15
What is the greatest common factor of 56 and 364?
28
Calculate the greatest common factor of 190 and 21470.
190
Calculate the greatest common divisor of 14 and 154.
14
What is the greatest common divisor of 32 and 176?
16
What is the greatest common factor of 2214 and 54?
54
What is the highest common factor of 4122 and 18?
18
What is the highest common divisor of 122 and 3843?
61
What is the greatest common factor of 84 and 18?
6
Calculate the greatest common divisor of 6042 and 228.
114
What is the highest common divisor of 2112 and 2508?
132
Calculate the highest common divisor of 3161 and 319.
29
Calculate the highest common divisor of 1239 and 147.
21
Calculate the highest common factor of 11 and 484.
11
Calculate the highest common factor of 6 and 498.
6
Calculate the highest common factor of 9 and 6.
3
What is the highest common divisor of 41 and 2501?
41
What is the greatest common factor of 15 and 1305?
15
Calculate the greatest common divisor of 23 and 161.
23
What is the greatest common divisor of 55 and 462?
11
Calculate the greatest common factor of 165 and 3333.
33
Calculate the greatest common factor of 133 and 57.
19
What is the highest common factor of 4179 and 42?
21
What is the highest common divisor of 128 and 192?
64
What is the highest common divisor of 3439 and 95?
19
What is the greatest common divisor of 43 and 9804?
43
What is the highest common factor of 713 and 341?
31
What is the greatest common factor of 6258 and 84?
42
Calculate the highest common divisor of 527 and 17.
17
Calculate the highest common factor of 92 and 1012.
92
What is the highest common divisor of 135 and 255?
15
Calculate the greatest common factor of 1 and 61.
1
What is the highest common divisor of 22 and 1738?
22
What is the greatest common factor of 160 and 11360?
160
Calculate the greatest common factor of 800 and 150.
50
Calculate the highest common factor of 30 and 825.
15
What is the greatest common divisor of 814 and 333?
37
What is the highest common factor of 385 and 140?
35
What is the highest common factor of 66 and 913?
11
Calculate the greatest common divisor of 2479 and 134.
67
Calculate the highest common divisor of 8 and 64.
8
Calculate the highest common factor of 4 and 10.
2
What is the greatest common factor of 11 and 913?
11
What is the highest common divisor of 285 and 228?
57
Calculate the highest common divisor of 1020 and 120.
60
Calculate the greatest common factor of 33 and 693.
33
What is the highest common factor of 3937 and 31?
31
Calculate the greatest common divisor of 12785 and 5.
5
What is the highest common divisor of 190 and 10?
10
Calculate the greatest common factor of 10 and 635.
5
What is the highest common divisor of 64 and 608?
32
Calculate the greatest common factor of 1590 and 75.
15
Calculate the greatest common divisor of 1056 and 2211.
33
Calculate the highest common divisor of 133 and 42.
7
Calculate the highest common factor of 256 and 16.
16
What is the greatest common divisor of 306 and 54?
18
What is the highest common divisor of 39543 and 147?
147
What is the highest common divisor of 6 and 66?
6
Calculate the highest common divisor of 1284 and 132.
12
What is the highest common divisor of 658 and 70?
14
Calculate the highest common divisor of 19370 and 130.
130
What is the highest common divisor of 12 and 2316?
12
What is the greatest common divisor of 2941 and 4498?
173
What is the highest common factor of 873 and 54?
9
What is the highest common divisor of 777 and 2997?
111
What is the highest common factor of 15 and 57945?
15
What is the highest common factor of 12 and 768?
12
Calculate the highest common factor of 11668 and 12.
4
What is the greatest common divisor of 4 and 10?
2
Calculate the greatest common factor of 825 and 495.
165
Calculate the highest common divisor of 32 and 14.
2
What is the highest common divisor of 35 and 4795?
35
Calculate the highest common divisor of 700 and 476.
28
What is the highest common factor of 871 and 67?
67
What is the greatest common factor of 3598 and 14?
14
What is the greatest common factor of 5 and 125?
5
What is the greatest common divisor of 33 and 1243?
11
What is the highest common factor of 84 and 231?
21
Calculate the greatest common factor of 7 and 553.
7
What is the greatest common divisor of 430 and 602?
86
What is the greatest common factor of 988 and 2318?
38
What is the highest common factor of 7 and 154?
7
Calculate the highest common divisor of 88 and 198.
22
Calculate the highest common divisor of 544 and 1496.
136
What is the greatest common divisor of 1264 and 16?
16
Calculate the greatest common factor of 1 and 16.
1
Calculate the highest common factor of 273 and 105.
21
What is the highest common factor of 49 and 833?
49
Calculate the greatest common factor of 148 and 4.
4
Calculate the highest common divisor of 187 and 1275.
17
What is the greatest common factor of 248 and 403?
31
What is the greatest common divisor of 44 and 88?
44
What is the greatest common factor of 16 and 464?
16
Calculate the highest common factor of 120 and 210.
30
What is the greatest common divisor of 66 and 198?
66
Calculate the highest common divisor of 3996 and 36.
36
What is the greatest common divisor of 369 and 1233?
9
What is the highest common divisor of 5510 and 5?
5
Calculate the highest common factor of 319 and 377.
29
What is the highest common factor of 39 and 1261?
13
Calculate the greatest common factor of 1755 and 26.
13
What is the highest common factor of 1350 and 90?
90
What is the highest common factor of 126 and 11970?
126
Calculate the highest common factor of 801 and 45.
9
Calculate the highest common divisor of 176 and 416.
16
Calculate the greatest common factor of 450 and 10200.
150
Calculate the highest common divisor of 1392 and 87.
87
What is the highest common factor of 378 and 14?
14
What is the highest common diviso